06 (base 7) in base 8?
7561161
1201014 (base 5) to base 9
33164
What is -1243513 (base 7) in base 4?
-213211213
Convert -5132 (base 13) to base 16.
-2bbb
What is -10314114121 (base 5) in base 12?
-3865523
Convert -83916a (base 11) to base 3.
-2112022022120
What is 45a26b (base 13) in base 14?
30d63c
22210122112 (base 3) to base 14
471ca
-8557333 (base 11) to base 4
-321130322320
-25566462 (base 9) to base 12
-4259b78
What is -5cb57 (base 14) in base 9?
-375640
Convert -121113331211 (base 4) to base 15.
-8b5d4e
-3c512 (base 14) to base 3
-21120121220
What is -111110001011110010 (base 2) in base 12?
-103496
What is 1212202320 (base 5) in base 16?
2b7e1f
Convert -38b26 (base 15) to base 6.
-3515430
-139888 (base 13) to base 11
-2a731a
What is 215660 (base 9) in base 10?
128844
Convert 6a57b (base 14) to base 4.
333033101
15134 (base 12) to base 5
1421220
What is -504504 (base 8) in base 7?
-1261404
What is 12541515 (base 6) in base 16?
65fb7
What is 466e30 (base 16) in base 10?
4615728
-10011221212222 (base 3) to base 5
-413120202
-2576b1 (base 14) to base 3
-2102110011121
Convert 54293 (base 10) to base 12.
27505
What is 5711222 (base 10) in base 8?
25622566
369b66 (base 13) to base 7
14052245
What is -7804 (base 10) in base 2?
-1111001111100
Convert -11010001011110000 (base 2) to base 8.
-321360
11196272 (base 10) to base 15
eb2632
What is -132132402 (base 5) in base 8?
-2414142
Convert 1511000 (base 6) to base 16.
15408
Convert -6a363 (base 13) to base 12.
-94284
What is aa78b (base 13) in base 5?
34341003
Convert 213840 (base 10) to base 9.
355300
What is -4017506 (base 8) in base 6?
-34351330
What is -306036 (base 7) in base 12?
-26476
What is 53b352 (base 12) in base 4?
11003230232
What is 23313441 (base 5) in base 16?
34275
Convert -1759c (base 16) to base 9.
-155171
Convert 25a09 (base 13) to base 12.
34492
Convert 2520167 (base 8) to base 16.
aa077
Convert 1326041 (base 7) to base 8.
525557
Convert 258628 (base 11) to base 7.
3312514
What is 94152 (base 12) in base 3?
100211202122
What is 103213230012 (base 4) in base 12?
1880546
-1487782 (base 9) to base 11
-514540
What is 100101100001 (base 2) in base 8?
4541
2217413 (base 8) to base 2
10010001111100001011
-1332015 (base 9) to base 4
-2302022033
-2752 (base 11) to base 16
-dee
Convert -2556156 (base 7) to base 13.
-b8a3a
Convert -16824 (base 15) to base 14.
-1c6d7
What is -125720 (base 14) in base 4?
-2121300100
Convert -152679 (base 14) to base 7.
-6155512
-25715 (base 16) to base 12
-74905
-214972 (base 10) to base 11
-13756a
Convert 1100010001011110011 (base 2) to base 13.
111088
Convert 246531 (base 11) to base 2.
1011111000010101011
Convert 1252055 (base 6) to base 13.
25628
-10001101010011010110 (base 2) to base 9
-1071832
What is -153552303 (base 6) in base 5?
-1313441132
2203230131 (base 4) to base 5
132423433
Convert -328692 (base 10) to base 11.
-204a51
What is -2734411 (base 9) in base 10?
-1499158
What is -15987b (base 12) in base 11?
-232518
Convert -3326604 (base 8) to base 3.
-1200112121120
What is 1312052 (base 6) in base 4?
101201000
Convert -10210212201 (base 3) to base 15.
-1734d
What is -100221212222022 (base 3) in base 14?
-9baa93
1075502 (base 9) to base 15
b7415
Convert 532540 (base 6) to base 8.
124614
What is 10228c6 (base 13) in base 7?
56364043
Convert -1318587 (base 9) to base 14.
-14acd3
Convert -b9275b (base 13) to base 2.
-10000100101010000101101
What is 4133030212 (base 5) in base 4?
200113312203
Convert -243692 (base 13) to base 4.
-3103010222
Convert 221110200101211 (base 3) to base 12.
4649157
What is -7040536 (base 9) in base 8?
-16225721
Convert 336140 (base 8) to base 4.
123301200
Convert 551336 (base 7) to base 10.
96557
Convert -435889 (base 10) to base 15.
-89244
What is 362435 (base 8) in base 10?
124189
Convert 203444150 (base 6) to base 11.
1aa5a66
-4020697 (base 12) to base 8
-55562723
What is -121767 (base 13) in base 16?
-69708
What is 4357d (base 16) in base 3?
112000101012
What is -1111011111100100101 (base 2) in base 8?
-1737445
What is -1502043 (base 8) in base 9?
-720712
13700425 (base 8) to base 2
1011111000000100010101
-133613 (base 8) to base 6
-1001311
Convert 4361143 (base 7) to base 2.
10000010110100100110
What is 5589944 (base 11) in base 15?
cd6abe
-10111010110101001000 (base 2) to base 6
-24222504
Convert -9c918 (base 14) to base 12.
-16420a
Convert 13143445 (base 6) to base 14.
b4097
What is -1000102101212 (base 3) in base 14?
-1009bb
Convert -11094 (base 11) to base 3.
-211001101
1066213 (base 8) to base 12
11b94b
What is -45041234 (base 7) in base 15?
-51d4e2
What is -471740 (base 8) in base 15?
-3295b
Convert 30220 (base 10) to base 11.
20783
What is 22220010010200 (base 3) in base 8?
22016676
What is 3442415 (base 6) in base 7?
1334402
1450672 (base 9) to base 15
10c4e8
-202000021100 (base 3) to base 11
-249a03
Convert 1402313311 (base 5) to base 3.
20200201202000
Convert 2011458 (base 9) to base 12.
437645
Convert 3467334 (base 11) to base 15.
7e9785
What is -11004203421 (base 5) in base 14?
-17cbcb0
-1346604 (base 9) to base 6
-23504304
What is 2072702 (base 11) in base 6?
210114024
Convert -9d2fa (base 16) to base 14.
-12a8c2
3374052 (base 9) to base 8
6743310
-110121020021 (base 3) to base 2
-111100100011011101
What is -461355 (base 7) in base 10?
-82164
77472 (base 12) to base 11
a8705
45441351 (base 6) to base 15
1c6b47
Convert 10100110100110010 (base 2) to base 13.
2ca95
What is 111010111111000100111 (base 2) in base 5?
443322324
What is 412134440 (base 5) in base 3?
10011020002110
-56023 (base 9) to base 2
-1001000101010000
What is -104103156 (base 7) in base 6?
-342010323
What is b2ad (base 16) in base 11?
31403
What is 15361053 (base 8) in base 3?
20122102001011
What is 282266 (base 11) in base 4?
1223331132
What is -110011100010001010011 (base 2) in base 6?
-100105511
Convert -614587 (base 9) to base 12.
-156967
Convert -3d83b (base 16) to base 14.
-67b75
1ad8e (base 16) to base 13
3b08c
118573 (base 10) to base 2
11100111100101101
What is -161f3b (base 16) in base 5?
-332343122
What is 3180722 (base 9) in base 13?
479942
-23001014 (base 6) to base 11
-438a74
What is 1111001001101110 (base 2) in base 6?
1155154
211332022 (base 4) to base 3
21220100101
What is -32852 (base 11) in base 7?
-255543
Convert -1270045 (base 12) to base 15.
-4ba338
-18dd5 (base 16) to base 8
-306725
What is -76d3a2 (base 15) in base 3?
-101122202122122
3022233100 (base 4) to base 11
5179a4
What is 10110001110001111010110 (base 2) in base 7?
100341643
23546 (base 12) to base 5
3004210
What is 11111001010001100 (base 2) in base 11?
87986
Convert -212022122021111 (base 3) to base 2.
-101111010001101011110010
What is -12100221200211 (base 3) in base 6?
-141052421
443774 (base 9) to base 7
2153233
What is 1664115 (base 8) in base 11?
301801
311475 (base 11) to base 13
14659a
Convert 401104434 (base 5) to base 8.
6021455
Convert a00d94 (base 16) to base 9.
21656466
What is 100031130 (base 4) in base 16?
1035c
What is 263038 (base 12) in base 15?
c5d08
What is 1021222222110 (base 3) in base 11?
430634
What is 169860 (base 12) in base 4?
1133032020
-78239 (base 10) to base 11
-53867
-593b93 (base 13) to base 6
-113252244
What is -320547 (base 8) in base 14?
-2ad27
Convert 6245831 (base 9) to base 2.
1100101110110001011101
What is 2b5915 (base 12) in base 3?
1101101012122
1a1c2 (base 16) to base 8
320702
What is 1267357 (base 8) in base 9?
602403
-110110000001001 (base 2) to base 8
-66011
What is 101110100011011001101 (base 2) in base 13?
415447
12120220002202 (base 3) to base 5
1230020040
-13ea98 (base 15) to base 6
-32332325
Convert 411a7b (base 16) to base 13.
b65036
12a413 (base 11) to base 9
341023
437442 (base 8) to base 4
203330202
11312123111 (base 4) to base 15
204638
What is 23413024 (base 5) in base 7?
1561413
What is 1220023520 (base 6) in base 9?
28307633
What is 1323101322 (base 4) in base 13?
148ab8
What is -a68686 (base 15) in base 5?
-4012112401
Convert -1263a31 (base 13) to base 7.
-66603113
What is 40545526 (base 7) in base 16?
33b95f
What is -41211411 (base 8) in base 13?
-1a64767
What is -645363 (base 7) in base 16?
-1b6e1
Convert -31023076 (base 8) to base 9.
-13313245
Convert -111856 (base 9) to base 10.
-67038
Conv